{"id":560,"date":"2015-09-19T23:51:55","date_gmt":"2015-09-19T21:51:55","guid":{"rendered":"http:\/\/hausverwaltung-franz.de\/?page_id=560"},"modified":"2023-02-06T17:57:11","modified_gmt":"2023-02-06T15:57:11","slug":"betriebskostenabrechnung","status":"publish","type":"page","link":"https:\/\/hausverwaltung-franz.de\/?page_id=560","title":{"rendered":"Betriebskostenabrechnung"},"content":{"rendered":"\n<p>Betriebskostenabrechnungen geh\u00f6ren zu unserem Tagesgesch\u00e4ft, wir m\u00f6chte Ihnen die M\u00f6glichkeit bieten unser Knowhow zu nutzen, lassen Sie Ihre Betriebskostenabrechnungen von uns erstellen. Ersparen Sie sich Zeit und Nerven.<\/p>\n\n\n\n<p><strong>Unsere Vorteile:<\/strong><\/p>\n\n\n\n<div id=\"boxhaken\">\n<ul>\n<li>Schnelle und Kompetente Erstellung der Abrechnung<\/li>\n<li>Abwicklung mit dem W\u00e4rmedienst<\/li>\n<li>Preiswerte Erstellung ohne versteckte Kosten<\/li>\n<li>Rechtssichere Abrechnungen<\/li>\n<li>Langj\u00e4hrige Erfahrung mit Betriebskostenabrechnungen<\/li>\n<li>\u00dcbersichtliche und selbsterkl\u00e4rende Betriebskostenabrechnung<\/li>\n<li>Abrechnungen auf Wunsch auch mit Ihrem Briefkopf<\/li>\n<li>Wohnungen und\/oder Gewerbeeinheiten m\u00f6glich<\/li>\n<li>Wasserkostenabrechnung nach Wasserz\u00e4hler<\/li>\n<\/ul>\n<p>Packen Sie einfach Ihre Unterlagen in einen Karton und wir suchen die entsprechenden Unterlagen zusammen.<\/p>\n\n\n\n\n<hr class=\"wp-block-separator has-alpha-channel-opacity\"\/>\n\n\n\n<p class=\"has-large-font-size\"><strong>Kontaktieren Sie uns<\/strong><\/p>\n\n\n\n<div class=\"wp-block-contact-form-7-contact-form-selector\">\n<div class=\"wpcf7 no-js\" id=\"wpcf7-f783-o1\" lang=\"de-DE\" dir=\"ltr\" data-wpcf7-id=\"783\">\n<div class=\"screen-reader-response\"><p role=\"status\" aria-live=\"polite\" aria-atomic=\"true\"><\/p> <ul><\/ul><\/div>\n<form action=\"\/index.php?rest_route=%2Fwp%2Fv2%2Fpages%2F560#wpcf7-f783-o1\" method=\"post\" class=\"wpcf7-form init\" aria-label=\"Kontaktformular\" enctype=\"multipart\/form-data\" novalidate=\"novalidate\" data-status=\"init\">\n<fieldset class=\"hidden-fields-container\"><input type=\"hidden\" name=\"_wpcf7\" value=\"783\" \/><input type=\"hidden\" name=\"_wpcf7_version\" value=\"6.1.5\" \/><input type=\"hidden\" name=\"_wpcf7_locale\" value=\"de_DE\" \/><input type=\"hidden\" name=\"_wpcf7_unit_tag\" value=\"wpcf7-f783-o1\" \/><input type=\"hidden\" name=\"_wpcf7_container_post\" value=\"0\" \/><input type=\"hidden\" name=\"_wpcf7_posted_data_hash\" value=\"\" \/><input type=\"hidden\" name=\"_wpcf7_recaptcha_response\" value=\"\" \/>\n<\/fieldset>\n<p>Ihr Name (Pflichtfeld)\n<\/p>\n<p><span class=\"wpcf7-form-control-wrap\" data-name=\"your-name\"><input size=\"40\" maxlength=\"400\" class=\"wpcf7-form-control wpcf7-text wpcf7-validates-as-required\" aria-required=\"true\" aria-invalid=\"false\" value=\"\" type=\"text\" name=\"your-name\" \/><\/span>\n<\/p>\n<p>Ihre E-Mail-Adresse (Pflichtfeld)\n<\/p>\n<p><span class=\"wpcf7-form-control-wrap\" data-name=\"your-email\"><input size=\"40\" maxlength=\"400\" class=\"wpcf7-form-control wpcf7-email wpcf7-validates-as-required wpcf7-text wpcf7-validates-as-email\" aria-required=\"true\" aria-invalid=\"false\" value=\"\" type=\"email\" name=\"your-email\" \/><\/span>\n<\/p>\n<p>Ihre Rufnummer\n<\/p>\n<p><span class=\"wpcf7-form-control-wrap\" data-name=\"tel-476\"><input size=\"40\" maxlength=\"400\" class=\"wpcf7-form-control wpcf7-tel wpcf7-text wpcf7-validates-as-tel\" aria-invalid=\"false\" value=\"\" type=\"tel\" name=\"tel-476\" \/><\/span>\n<\/p>\n<p>Betreff (Pflichtfeld)\n<\/p>\n<p><span class=\"wpcf7-form-control-wrap\" data-name=\"your-subject\"><input size=\"40\" maxlength=\"400\" class=\"wpcf7-form-control wpcf7-text wpcf7-validates-as-required\" aria-required=\"true\" aria-invalid=\"false\" value=\"\" type=\"text\" name=\"your-subject\" \/><\/span>\n<\/p>\n<p>Ihre Nachricht an Uns\n<\/p>\n<p><span class=\"wpcf7-form-control-wrap\" data-name=\"your-message\"><textarea cols=\"40\" rows=\"10\" maxlength=\"2000\" class=\"wpcf7-form-control wpcf7-textarea\" aria-invalid=\"false\" name=\"your-message\"><\/textarea><\/span>\n<\/p>\n<p>Upload Dateien im PDF oder JPG Format\n<\/p>\n<p><span class=\"wpcf7-form-control-wrap\" data-name=\"your-file\"><input size=\"40\" class=\"wpcf7-form-control wpcf7-file\" accept=\".pdf,.jpg\" aria-invalid=\"false\" type=\"file\" name=\"your-file\" \/><\/span>\n<\/p>\n<p><span style=\"color: #000000;\"><strong>Datenschutz Kontaktformular<span><br \/>\n<\/span><\/strong><\/span>\n<\/p>\n<p>Wenn Sie uns per Kontaktformular Anfragen zukommen lassen, werden Ihre Angaben aus dem Anfrageformular inklusive der von Ihnen dort angegebenen Kontaktdaten zwecks Bearbeitung der Anfrage und f\u00fcr den Fall von Anschlussfragen bei uns sicher intern gespeichert. Diese Daten geben wir nicht ohne Ihre Einwilligung an dritte weiter.\n<\/p>\n<p>Hier geht es zu unserer <a href=\"https:\/\/hausverwaltung-franz.de\/?page_id=689\" target=\"_blank\" rel=\"noopener\">Datenschutzerkl&auml;rung<\/a>.\n<\/p>\n<p><span class=\"wpcf7-form-control-wrap\" data-name=\"acceptance-495\"><span class=\"wpcf7-form-control wpcf7-acceptance\"><span class=\"wpcf7-list-item\"><label><input type=\"checkbox\" name=\"acceptance-495\" value=\"1\" aria-invalid=\"false\" \/><span class=\"wpcf7-list-item-label\">Ja, ich habe die Datenschutzerkl\u00e4rung gelesen und verstanden.<\/span><\/label><\/span><\/span><\/span>\n<\/p>\n\n<p><span style=\"color: #000000;\">\u00a0<\/span>\n<\/p>\n<p><input class=\"wpcf7-form-control wpcf7-submit has-spinner\" type=\"submit\" value=\"Senden\" \/>\n<\/p><div class=\"wpcf7-response-output\" aria-hidden=\"true\"><\/div>\n<\/form>\n<\/div>\n\r\n\t\t\t\t<script>\r\n\t\t\t\tif ( typeof huOptions !== 'undefined' ) {\r\n\t\t\t\t\tvar huFormData = {\"source\":\"contactform7\",\"id\":783,\"title\":\"Kontaktformular 1_copy_copy\",\"fields\":{\"subject\":{\"first_name\":\"your-name\",\"email\":\"your-email\"},\"preferences\":{\"terms\":\"your-consent\"}}};\r\n\t\t\t\t\tvar huFormNode = document.querySelector( '[id^=\"wpcf7-f783-\"] form' );\r\n\r\n\t\t\t\t\thuFormData['node'] = huFormNode;\r\n\t\t\t\t\thuOptions['forms'].push( huFormData );\r\n\t\t\t\t}\r\n\t\t\t\t<\/script><\/div>\n\n\n\n<p><br><\/p>\n\n\n\n<p><\/p>\n","protected":false},"excerpt":{"rendered":"<p>Betriebskostenabrechnungen geh\u00f6ren zu unserem Tagesgesch\u00e4ft, wir m\u00f6chte Ihnen die M\u00f6glichkeit bieten unser Knowhow zu nutzen, lassen Sie Ihre Betriebskostenabrechnungen von uns erstellen. Ersparen Sie sich Zeit und Nerven. Unsere Vorteile: Schnelle und Kompetente Erstellung der Abrechnung Abwicklung mit dem W\u00e4rmedienst Preiswerte Erstellung ohne versteckte Kosten Rechtssichere Abrechnungen Langj\u00e4hrige Erfahrung mit Betriebskostenabrechnungen \u00dcbersichtliche und selbsterkl\u00e4rende Betriebskostenabrechnung [&hellip;]<\/p>\n","protected":false},"author":1,"featured_media":0,"parent":0,"menu_order":0,"comment_status":"closed","ping_status":"closed","template":"","meta":{"footnotes":""},"class_list":["post-560","page","type-page","status-publish","hentry"],"_links":{"self":[{"href":"https:\/\/hausverwaltung-franz.de\/index.php?rest_route=\/wp\/v2\/pages\/560","targetHints":{"allow":["GET"]}}],"collection":[{"href":"https:\/\/hausverwaltung-franz.de\/index.php?rest_route=\/wp\/v2\/pages"}],"about":[{"href":"https:\/\/hausverwaltung-franz.de\/index.php?rest_route=\/wp\/v2\/types\/page"}],"author":[{"embeddable":true,"href":"https:\/\/hausverwaltung-franz.de\/index.php?rest_route=\/wp\/v2\/users\/1"}],"replies":[{"embeddable":true,"href":"https:\/\/hausverwaltung-franz.de\/index.php?rest_route=%2Fwp%2Fv2%2Fcomments&post=560"}],"version-history":[{"count":15,"href":"https:\/\/hausverwaltung-franz.de\/index.php?rest_route=\/wp\/v2\/pages\/560\/revisions"}],"predecessor-version":[{"id":987,"href":"https:\/\/hausverwaltung-franz.de\/index.php?rest_route=\/wp\/v2\/pages\/560\/revisions\/987"}],"wp:attachment":[{"href":"https:\/\/hausverwaltung-franz.de\/index.php?rest_route=%2Fwp%2Fv2%2Fmedia&parent=560"}],"curies":[{"name":"wp","href":"https:\/\/api.w.org\/{rel}","templated":true}]}}