{"id":458,"date":"2014-10-03T00:13:31","date_gmt":"2014-10-02T22:13:31","guid":{"rendered":"http:\/\/hausverwaltung-franz.de\/?page_id=458"},"modified":"2023-10-31T18:06:11","modified_gmt":"2023-10-31T16:06:11","slug":"gebaeudeservice","status":"publish","type":"page","link":"https:\/\/hausverwaltung-franz.de\/?page_id=458","title":{"rendered":"Geb\u00e4udeservice"},"content":{"rendered":"\n<h4 class=\"wp-block-heading\"><span style=\"color: #000000;\">Ein weiteres Unternehmen in der Familie&nbsp;bietet folgende Dienstleistungen f\u00fcr Wohn- und Gewerbeimmobilien an:<\/span><\/h4>\n\n\n\n<p><span style=\"color: #000000;\"><strong>Geb\u00e4udereinigung Innenbereich<\/strong><\/span><\/p>\n\n\n\n<ul class=\"wp-block-list\">\n<li><span style=\"color: #000000;\">Treppenhausreinigung<\/span><\/li>\n\n\n\n<li><span style=\"color: #000000;\">Fensterreinigung<\/span><\/li>\n<\/ul>\n\n\n\n<p><span style=\"color: #000000;\"><strong>Geb\u00e4udereinigung Au\u00dfenbereich<\/strong><\/span><\/p>\n\n\n\n<ul class=\"wp-block-list\">\n<li><span style=\"color: #000000;\">Kehrdienst<\/span><\/li>\n\n\n\n<li><span style=\"color: #000000;\">Winterdienst<\/span> (Nahbereich)<\/li>\n\n\n\n<li><span style=\"color: #000000;\">Abfallkorbentleerung<\/span><\/li>\n\n\n\n<li><span style=\"color: #000000;\">M\u00fcllentsorgung<\/span><\/li>\n<\/ul>\n\n\n\n<p><span style=\"color: #000000;\"><strong>Pflege der Au\u00dfenanlagen<\/strong><\/span><\/p>\n\n\n\n<ul class=\"wp-block-list\">\n<li><span style=\"color: #000000;\">Rasen m\u00e4hen<\/span><\/li>\n\n\n\n<li><span style=\"color: #000000;\">Bew\u00e4sserung<\/span><\/li>\n\n\n\n<li><span style=\"color: #000000;\">Hecken- und Baumschnitt<\/span><\/li>\n<\/ul>\n\n\n\n<p><span style=\"color: #000000;\"><strong>Hausmeister- und Haustechnikerservice<\/strong><\/span><\/p>\n\n\n\n<ul class=\"wp-block-list\">\n<li><span style=\"color: #000000;\">Heizungs\u00fcberwachung<\/span><\/li>\n\n\n\n<li><span style=\"color: #000000;\">Fahrstuhl\u00fcberwachung<\/span><\/li>\n\n\n\n<li><span style=\"color: #000000;\">Einfache Arbeiten an der Haustechnik<\/span><\/li>\n\n\n\n<li><span style=\"color: #000000;\">Briefkasten- &amp; Klingelschilder<\/span><\/li>\n\n\n\n<li>Kleinreparaturen<\/li>\n<\/ul>\n\n\n\n<p><span style=\"color: #000000;\"><strong>Entr\u00fcmpelungen und Aufr\u00e4umarbeiten<\/strong><\/span><\/p>\n\n\n\n<div class=\"wp-block-group\"><div class=\"wp-block-group__inner-container is-layout-flow wp-block-group-is-layout-flow\">\n<ul class=\"wp-block-list\">\n<li>Auf Anfrage<\/li>\n<\/ul>\n<\/div><\/div>\n\n\n\n<p><span style=\"color: #000000;\">___________________________________________________<\/span><\/p>\n\n\n\n<p><span style=\"color: #000000;\"><strong>Sie m\u00f6chten den Hausservice Franz nutzen?<\/strong><\/span><\/p>\n\n\n\n<p><span style=\"color: #000000;\">Hausservice Franz, Inh. Ralf Franz<\/span><\/p>\n\n\n\n<p>D\u00fcrerweg 27, 40724 Hilden<\/p>\n\n\n\n<p><span style=\"color: #000000;\">Tel. 0212- 22 67 1993<\/span><\/p>\n\n\n\n<p><span style=\"color: #000000;\">E-Mail: <span style=\"text-decoration: underline;\"><a style=\"color: #000000; text-decoration: underline;\" href=\"mailto:info@hausservice-franz.de\">info@hausservice-franz.de<\/a><\/span><\/span><\/p>\n\n\n\n<p><span style=\"color: #000000;\">Web:&nbsp;<a href=\"https:\/\/www.hausservice-franz.de\">https:\/\/<span style=\"text-decoration: underline;\">www.hausservice-franz.de<\/span><\/a><\/span><\/p>\n","protected":false},"excerpt":{"rendered":"<p>Ein weiteres Unternehmen in der Familie&nbsp;bietet folgende Dienstleistungen f\u00fcr Wohn- und Gewerbeimmobilien an: Geb\u00e4udereinigung Innenbereich Geb\u00e4udereinigung Au\u00dfenbereich Pflege der Au\u00dfenanlagen Hausmeister- und Haustechnikerservice Entr\u00fcmpelungen und Aufr\u00e4umarbeiten ___________________________________________________ Sie m\u00f6chten den Hausservice Franz nutzen? Hausservice Franz, Inh. Ralf Franz D\u00fcrerweg 27, 40724 Hilden Tel. 0212- 22 67 1993 E-Mail: info@hausservice-franz.de Web:&nbsp;https:\/\/www.hausservice-franz.de<\/p>\n","protected":false},"author":1,"featured_media":0,"parent":0,"menu_order":0,"comment_status":"closed","ping_status":"open","template":"","meta":{"footnotes":""},"class_list":["post-458","page","type-page","status-publish","hentry"],"_links":{"self":[{"href":"https:\/\/hausverwaltung-franz.de\/index.php?rest_route=\/wp\/v2\/pages\/458","targetHints":{"allow":["GET"]}}],"collection":[{"href":"https:\/\/hausverwaltung-franz.de\/index.php?rest_route=\/wp\/v2\/pages"}],"about":[{"href":"https:\/\/hausverwaltung-franz.de\/index.php?rest_route=\/wp\/v2\/types\/page"}],"author":[{"embeddable":true,"href":"https:\/\/hausverwaltung-franz.de\/index.php?rest_route=\/wp\/v2\/users\/1"}],"replies":[{"embeddable":true,"href":"https:\/\/hausverwaltung-franz.de\/index.php?rest_route=%2Fwp%2Fv2%2Fcomments&post=458"}],"version-history":[{"count":17,"href":"https:\/\/hausverwaltung-franz.de\/index.php?rest_route=\/wp\/v2\/pages\/458\/revisions"}],"predecessor-version":[{"id":1027,"href":"https:\/\/hausverwaltung-franz.de\/index.php?rest_route=\/wp\/v2\/pages\/458\/revisions\/1027"}],"wp:attachment":[{"href":"https:\/\/hausverwaltung-franz.de\/index.php?rest_route=%2Fwp%2Fv2%2Fmedia&parent=458"}],"curies":[{"name":"wp","href":"https:\/\/api.w.org\/{rel}","templated":true}]}}