{"id":199,"date":"2013-05-22T16:20:37","date_gmt":"2013-05-22T16:20:37","guid":{"rendered":"http:\/\/bonsaished.com\/estatement\/?page_id=199"},"modified":"2023-02-06T17:59:30","modified_gmt":"2023-02-06T15:59:30","slug":"live-filtering","status":"publish","type":"page","link":"https:\/\/hausverwaltung-franz.de\/?page_id=199","title":{"rendered":"Hausverwaltung"},"content":{"rendered":"<h2><span style=\"color: #000000;\"><strong>Verwaltung von\u00a0Mietwohnanlagen<\/strong><\/span><\/h2>\n<p><span style=\"color: #000000;\">Das Thema\u00a0Hausverwaltung liegt uns am Herzen. Wir verwalten Ihr Geb\u00e4ude\u00a0in kaufm\u00e4nnischer und technischer Hinsicht.\u00a0Dabei werden von uns alle\u00a0Prozesse wirtschaftlich sinnvoll koordiniert, Einsparpotenziale erkannt und somit\u00a0nachhaltige Rentabilit\u00e4t geschaffen.<\/span><\/p>\n<p><span style=\"color: #000000;\">Ihr Mieter\u2026<\/span><\/p>\n<p><span style=\"color: #000000;\"><em>\u2026ist mal wieder mit der Miete in Verzug?<\/em><\/span><\/p>\n<p><span style=\"color: #000000;\"><em>\u2026erledigt die Treppenhausreinigung nicht?<\/em><\/span><\/p>\n<p><span style=\"color: #000000;\"><em>\u2026hat es letzte Nacht mal wieder mit der Lautst\u00e4rke \u00fcbertrieben?<\/em><\/span><\/p>\n<p><span style=\"color: #000000;\"><em>\u2026l\u00e4sst jedes Schreiben an Sie \u00fcber den Mieterverein laufen?<\/em><\/span><\/p>\n<p><span style=\"color: #000000;\"><em>\u2026gibt bei seinem Auszug Ihre Wohnung in einem \u201cSaustall\u201d zur\u00fcck?<\/em><\/span><\/p>\n<p><span style=\"color: #000000;\"><strong>Menschen\u00a0sind individuell\u00a0&#8211; dies liegt in der Natur der Sache.<\/strong> <strong>Wir setzen bereits da an, wo man die gr\u00f6\u00dfte Einflussnahme aus\u00fcben kann:\u00a0beim Finden eines geeigneten Mieters.<\/strong><\/span><\/p>\n<p><span style=\"color: #000000;\"><strong>Grundvoraussetzung <\/strong>ist f\u00fcr uns, dass Ihre Mieter solvent sind und die monatlichen Mieten p\u00fcnktlich und verl\u00e4sslich bei Ihnen ankommen.\u00a0Dar\u00fcber hinaus\u00a0bedeutet das\u00a0aber f\u00fcr uns auch, dass Ihre zuk\u00fcnftigen Mieter ins Haus passen! Denn\u00a0schon hier entscheidet sich, ob man zuk\u00fcnftig mit seinen Mietern \u00c4rger hat oder nicht.<\/span><\/p>\n<p><span style=\"color: #000000;\">Es ist daher unerl\u00e4sslich, schon\u00a0bei der Wahl des richtigen Mieters behutsam alle Aspekte der Nachhaltigkeit zu pr\u00fcfen.<\/span><\/p>\n<p><span style=\"color: #000000;\">Durch unsere langj\u00e4hrigen Erfahrungswerte\u00a0in Sachen <strong>Hausverwaltung\u00a0<\/strong>pflegen wir in Ihren H\u00e4usern die Mieterstruktur, die sich in die Gemeinschaft am besten einf\u00fcgt und mit Ihrem\u00a0Eigentum so umgeht, wie Sie es erwarten.<\/span><\/p>\n<p><span style=\"color: #000000;\"><strong>Wir richten uns dabei individuell nach Ihren Vorstellungen!<\/strong><\/span><\/p>\n<p><span style=\"color: #000000;\">Sie entscheiden, wobei wir Sie unterst\u00fctzen sollen. Egal, ob Vermietung, Abrechnung, Korrespondenz mit Ihren Mietern, Organisation von Sanierungen bis hin zur Mietzahlungs\u00fcberwachung.<\/span><\/p>\n<p><span style=\"color: #000000;\"><strong>Sie m\u00f6chten mehr \u00fcber das Thema Hausverwaltung und unsere bew\u00e4hrte Arbeitsweise erfahren? <\/strong><\/span><\/p>\n<p><span style=\"color: #000000;\"><strong>Dann sprechen Sie uns an!<\/strong><\/span><\/p>\n\n\n<hr class=\"wp-block-separator has-alpha-channel-opacity\"\/>\n\n\n\n<p class=\"has-large-font-size\"><strong>Kontaktieren Sie uns<\/strong><\/p>\n\n\n\n<div class=\"wp-block-contact-form-7-contact-form-selector\">\n<div class=\"wpcf7 no-js\" id=\"wpcf7-f783-o1\" lang=\"de-DE\" dir=\"ltr\" data-wpcf7-id=\"783\">\n<div class=\"screen-reader-response\"><p role=\"status\" aria-live=\"polite\" aria-atomic=\"true\"><\/p> <ul><\/ul><\/div>\n<form action=\"\/index.php?rest_route=%2Fwp%2Fv2%2Fpages%2F199#wpcf7-f783-o1\" method=\"post\" class=\"wpcf7-form init\" aria-label=\"Kontaktformular\" enctype=\"multipart\/form-data\" novalidate=\"novalidate\" data-status=\"init\">\n<fieldset class=\"hidden-fields-container\"><input type=\"hidden\" name=\"_wpcf7\" value=\"783\" \/><input type=\"hidden\" name=\"_wpcf7_version\" value=\"6.1.5\" \/><input type=\"hidden\" name=\"_wpcf7_locale\" value=\"de_DE\" \/><input type=\"hidden\" name=\"_wpcf7_unit_tag\" value=\"wpcf7-f783-o1\" \/><input type=\"hidden\" name=\"_wpcf7_container_post\" value=\"0\" \/><input type=\"hidden\" name=\"_wpcf7_posted_data_hash\" value=\"\" \/><input type=\"hidden\" name=\"_wpcf7_recaptcha_response\" value=\"\" \/>\n<\/fieldset>\n<p>Ihr Name (Pflichtfeld)\n<\/p>\n<p><span class=\"wpcf7-form-control-wrap\" data-name=\"your-name\"><input size=\"40\" maxlength=\"400\" class=\"wpcf7-form-control wpcf7-text wpcf7-validates-as-required\" aria-required=\"true\" aria-invalid=\"false\" value=\"\" type=\"text\" name=\"your-name\" \/><\/span>\n<\/p>\n<p>Ihre E-Mail-Adresse (Pflichtfeld)\n<\/p>\n<p><span class=\"wpcf7-form-control-wrap\" data-name=\"your-email\"><input size=\"40\" maxlength=\"400\" class=\"wpcf7-form-control wpcf7-email wpcf7-validates-as-required wpcf7-text wpcf7-validates-as-email\" aria-required=\"true\" aria-invalid=\"false\" value=\"\" type=\"email\" name=\"your-email\" \/><\/span>\n<\/p>\n<p>Ihre Rufnummer\n<\/p>\n<p><span class=\"wpcf7-form-control-wrap\" data-name=\"tel-476\"><input size=\"40\" maxlength=\"400\" class=\"wpcf7-form-control wpcf7-tel wpcf7-text wpcf7-validates-as-tel\" aria-invalid=\"false\" value=\"\" type=\"tel\" name=\"tel-476\" \/><\/span>\n<\/p>\n<p>Betreff (Pflichtfeld)\n<\/p>\n<p><span class=\"wpcf7-form-control-wrap\" data-name=\"your-subject\"><input size=\"40\" maxlength=\"400\" class=\"wpcf7-form-control wpcf7-text wpcf7-validates-as-required\" aria-required=\"true\" aria-invalid=\"false\" value=\"\" type=\"text\" name=\"your-subject\" \/><\/span>\n<\/p>\n<p>Ihre Nachricht an Uns\n<\/p>\n<p><span class=\"wpcf7-form-control-wrap\" data-name=\"your-message\"><textarea cols=\"40\" rows=\"10\" maxlength=\"2000\" class=\"wpcf7-form-control wpcf7-textarea\" aria-invalid=\"false\" name=\"your-message\"><\/textarea><\/span>\n<\/p>\n<p>Upload Dateien im PDF oder JPG Format\n<\/p>\n<p><span class=\"wpcf7-form-control-wrap\" data-name=\"your-file\"><input size=\"40\" class=\"wpcf7-form-control wpcf7-file\" accept=\".pdf,.jpg\" aria-invalid=\"false\" type=\"file\" name=\"your-file\" \/><\/span>\n<\/p>\n<p><span style=\"color: #000000;\"><strong>Datenschutz Kontaktformular<span><br \/>\n<\/span><\/strong><\/span>\n<\/p>\n<p>Wenn Sie uns per Kontaktformular Anfragen zukommen lassen, werden Ihre Angaben aus dem Anfrageformular inklusive der von Ihnen dort angegebenen Kontaktdaten zwecks Bearbeitung der Anfrage und f\u00fcr den Fall von Anschlussfragen bei uns sicher intern gespeichert. Diese Daten geben wir nicht ohne Ihre Einwilligung an dritte weiter.\n<\/p>\n<p>Hier geht es zu unserer <a href=\"https:\/\/hausverwaltung-franz.de\/?page_id=689\" target=\"_blank\" rel=\"noopener\">Datenschutzerkl&auml;rung<\/a>.\n<\/p>\n<p><span class=\"wpcf7-form-control-wrap\" data-name=\"acceptance-495\"><span class=\"wpcf7-form-control wpcf7-acceptance\"><span class=\"wpcf7-list-item\"><label><input type=\"checkbox\" name=\"acceptance-495\" value=\"1\" aria-invalid=\"false\" \/><span class=\"wpcf7-list-item-label\">Ja, ich habe die Datenschutzerkl\u00e4rung gelesen und verstanden.<\/span><\/label><\/span><\/span><\/span>\n<\/p>\n\n<p><span style=\"color: #000000;\">\u00a0<\/span>\n<\/p>\n<p><input class=\"wpcf7-form-control wpcf7-submit has-spinner\" type=\"submit\" value=\"Senden\" \/>\n<\/p><div class=\"wpcf7-response-output\" aria-hidden=\"true\"><\/div>\n<\/form>\n<\/div>\n\r\n\t\t\t\t<script>\r\n\t\t\t\tif ( typeof huOptions !== 'undefined' ) {\r\n\t\t\t\t\tvar huFormData = {\"source\":\"contactform7\",\"id\":783,\"title\":\"Kontaktformular 1_copy_copy\",\"fields\":{\"subject\":{\"first_name\":\"your-name\",\"email\":\"your-email\"},\"preferences\":{\"terms\":\"your-consent\"}}};\r\n\t\t\t\t\tvar huFormNode = document.querySelector( '[id^=\"wpcf7-f783-\"] form' );\r\n\r\n\t\t\t\t\thuFormData['node'] = huFormNode;\r\n\t\t\t\t\thuOptions['forms'].push( huFormData );\r\n\t\t\t\t}\r\n\t\t\t\t<\/script><\/div>\n","protected":false},"excerpt":{"rendered":"<p>Verwaltung von\u00a0Mietwohnanlagen Das Thema\u00a0Hausverwaltung liegt uns am Herzen. Wir verwalten Ihr Geb\u00e4ude\u00a0in kaufm\u00e4nnischer und technischer Hinsicht.\u00a0Dabei werden von uns alle\u00a0Prozesse wirtschaftlich sinnvoll koordiniert, Einsparpotenziale erkannt und somit\u00a0nachhaltige Rentabilit\u00e4t geschaffen. Ihr Mieter\u2026 \u2026ist mal wieder mit der Miete in Verzug? \u2026erledigt die Treppenhausreinigung nicht? \u2026hat es letzte Nacht mal wieder mit der Lautst\u00e4rke \u00fcbertrieben? \u2026l\u00e4sst jedes [&hellip;]<\/p>\n","protected":false},"author":1,"featured_media":0,"parent":0,"menu_order":0,"comment_status":"closed","ping_status":"open","template":"","meta":{"footnotes":""},"class_list":["post-199","page","type-page","status-publish","hentry"],"_links":{"self":[{"href":"https:\/\/hausverwaltung-franz.de\/index.php?rest_route=\/wp\/v2\/pages\/199","targetHints":{"allow":["GET"]}}],"collection":[{"href":"https:\/\/hausverwaltung-franz.de\/index.php?rest_route=\/wp\/v2\/pages"}],"about":[{"href":"https:\/\/hausverwaltung-franz.de\/index.php?rest_route=\/wp\/v2\/types\/page"}],"author":[{"embeddable":true,"href":"https:\/\/hausverwaltung-franz.de\/index.php?rest_route=\/wp\/v2\/users\/1"}],"replies":[{"embeddable":true,"href":"https:\/\/hausverwaltung-franz.de\/index.php?rest_route=%2Fwp%2Fv2%2Fcomments&post=199"}],"version-history":[{"count":12,"href":"https:\/\/hausverwaltung-franz.de\/index.php?rest_route=\/wp\/v2\/pages\/199\/revisions"}],"predecessor-version":[{"id":991,"href":"https:\/\/hausverwaltung-franz.de\/index.php?rest_route=\/wp\/v2\/pages\/199\/revisions\/991"}],"wp:attachment":[{"href":"https:\/\/hausverwaltung-franz.de\/index.php?rest_route=%2Fwp%2Fv2%2Fmedia&parent=199"}],"curies":[{"name":"wp","href":"https:\/\/api.w.org\/{rel}","templated":true}]}}